{"id":102,"date":"2024-07-10T14:53:13","date_gmt":"2024-07-10T12:53:13","guid":{"rendered":"https:\/\/rasadniklukic.rs\/?page_id=102"},"modified":"2024-07-10T14:53:52","modified_gmt":"2024-07-10T12:53:52","slug":"kontakt","status":"publish","type":"page","link":"https:\/\/www.rasadniklukic.rs\/index.php\/kontakt\/","title":{"rendered":"Kontakt"},"content":{"rendered":"\t\t<div data-elementor-type=\"wp-page\" data-elementor-id=\"102\" class=\"elementor elementor-102\" data-elementor-post-type=\"page\">\n\t\t\t\t<div class=\"elementor-element elementor-element-c4bff4d e-flex e-con-boxed e-con e-parent\" data-id=\"c4bff4d\" data-element_type=\"container\">\n\t\t\t\t\t<div class=\"e-con-inner\">\n\t\t<div class=\"elementor-element elementor-element-21396d1c e-flex e-con-boxed e-con e-child\" data-id=\"21396d1c\" data-element_type=\"container\">\n\t\t\t\t\t<div class=\"e-con-inner\">\n\t\t\t\t<div class=\"elementor-element elementor-element-5424b8a5 elementor-headline--style-highlight elementor-widget elementor-widget-animated-headline\" data-id=\"5424b8a5\" data-element_type=\"widget\" data-settings=\"{&quot;marker&quot;:&quot;double_underline&quot;,&quot;highlighted_text&quot;:&quot;KONTAKT&quot;,&quot;headline_style&quot;:&quot;highlight&quot;,&quot;loop&quot;:&quot;yes&quot;,&quot;highlight_animation_duration&quot;:1200,&quot;highlight_iteration_delay&quot;:8000}\" data-widget_type=\"animated-headline.default\">\n\t\t\t\t<div class=\"elementor-widget-container\">\n\t\t\t\t\t\t\t<h3 class=\"elementor-headline\">\n\t\t\t\t<span class=\"elementor-headline-dynamic-wrapper elementor-headline-text-wrapper\">\n\t\t\t\t\t<span class=\"elementor-headline-dynamic-text elementor-headline-text-active\">KONTAKT<\/span>\n\t\t\t\t<\/span>\n\t\t\t\t<\/h3>\n\t\t\t\t\t\t<\/div>\n\t\t\t\t<\/div>\n\t\t\t\t\t<\/div>\n\t\t\t\t<\/div>\n\t\t\t\t\t<\/div>\n\t\t\t\t<\/div>\n\t\t<div class=\"elementor-element elementor-element-61794fee e-grid e-con-boxed elementor-invisible e-con e-parent\" data-id=\"61794fee\" data-element_type=\"container\" data-settings=\"{&quot;animation&quot;:&quot;fadeIn&quot;}\">\n\t\t\t\t\t<div class=\"e-con-inner\">\n\t\t<div class=\"elementor-element elementor-element-69083a7e e-flex e-con-boxed e-con e-child\" data-id=\"69083a7e\" data-element_type=\"container\">\n\t\t\t\t\t<div class=\"e-con-inner\">\n\t\t\t\t<div class=\"elementor-element elementor-element-48b8ca5e elementor-widget elementor-widget-text-editor\" data-id=\"48b8ca5e\" data-element_type=\"widget\" data-widget_type=\"text-editor.default\">\n\t\t\t\t<div class=\"elementor-widget-container\">\n\t\t\t\t\t\t\t\t\t<!DOCTYPE html>\n<html lang=\"en\">\n<head>\n    <meta charset=\"UTF-8\">\n    <meta name=\"viewport\" content=\"width=device-width, initial-scale=1.0\">\n    <style>\n        @import url('https:\/\/fonts.googleapis.com\/css2?family=Montserrat:wght@300;400&display=swap');\n        \n        body {\n            font-family: 'Montserrat', sans-serif;\n        }\n\n        .address {\n            font-weight: 300;\n            color: #6EAB0F;\n        }\n\n        .contact-details {\n            font-weight: 400;\n        }\n    <\/style>\n<\/head>\n<body>\n\n    <h3 class=\"address\">Adresa<\/h3>\n    <div class=\"contact-details\">\n        Rasadnik povr\u0107a, lekovitog i za\u010dinskog bilja Luki\u0107<br>\n        Ive Lole Ribara 93, \u010celarevo\n    <\/div>\n\n    <div class=\"gs\">\n        <div class=\"\">\n            <div id=\":1uu\" class=\"ii gt\">\n                <div id=\":1ut\" class=\"a3s aiL \">\n                    <div dir=\"auto\">\n                        <div dir=\"auto\">\n                            <a href=\"http:\/\/br.pg\/\" target=\"_blank\" rel=\"noopener noreferrer\" data-saferedirecturl=\"https:\/\/www.google.com\/url?q=http:\/\/BR.PG&amp;source=gmail&amp;ust=1656952269142000&amp;usg=AOvVaw1OqYKkqHRrbihcoCB5nJzA\">\n                                BPG:\n                            <\/a>\n                            800449003178\n                        <\/div>\n                    <\/div>\n                <\/div>\n            <\/div>\n        <\/div>\n    <\/div>\n\n<\/body>\n<\/html>\n\t\t\t\t\t\t\t\t<\/div>\n\t\t\t\t<\/div>\n\t\t\t\t\t<\/div>\n\t\t\t\t<\/div>\n\t\t<div class=\"elementor-element elementor-element-1c57a536 e-flex e-con-boxed e-con e-child\" data-id=\"1c57a536\" data-element_type=\"container\">\n\t\t\t\t\t<div class=\"e-con-inner\">\n\t\t\t\t<div class=\"elementor-element elementor-element-263ea3f0 elementor-widget elementor-widget-text-editor\" data-id=\"263ea3f0\" data-element_type=\"widget\" data-widget_type=\"text-editor.default\">\n\t\t\t\t<div class=\"elementor-widget-container\">\n\t\t\t\t\t\t\t\t\t<!DOCTYPE html>\n<html lang=\"en\">\n<head>\n    <meta charset=\"UTF-8\">\n    <meta name=\"viewport\" content=\"width=device-width, initial-scale=1.0\">\n    <style>\n        @import url('https:\/\/fonts.googleapis.com\/css2?family=Montserrat:wght@300;400&display=swap');\n        \n        body {\n            font-family: 'Montserrat', sans-serif;\n        }\n\n        h2 {\n            font-weight: 300;\n            color: #6EAB0F;\n        }\n\n        .contact-info {\n            font-weight: 400;\n        }\n\n        .contact-info strong {\n            font-weight: 400;\n        }\n\n        .director {\n            color: #6EAB0F;\n            font-size: 1.2rem;\n            font-weight: 400;\n        }\n    <\/style>\n<\/head>\n<body>\n\n    <h2>Kontakt Informacije<\/h2>\n    <div class=\"contact-info\">\n        <p>Pozovite nas na: <strong><a href=\"tel:0641754390\">(064) 1754 390<\/a><\/strong><\/p>\n        <p>Po\u0161aljite nam email na: <strong>lukicrasadnik@gmail.com<\/strong><\/p>\n        <p class=\"director\">Dragan Luki\u0107 &#8211; direktor<\/p>\n    <\/div>\n\n<\/body>\n<\/html>\n\t\t\t\t\t\t\t\t<\/div>\n\t\t\t\t<\/div>\n\t\t\t\t\t<\/div>\n\t\t\t\t<\/div>\n\t\t<div class=\"elementor-element elementor-element-745edace e-flex e-con-boxed e-con e-child\" data-id=\"745edace\" data-element_type=\"container\">\n\t\t\t\t\t<div class=\"e-con-inner\">\n\t\t\t\t<div class=\"elementor-element elementor-element-1c5ddf7c elementor-widget elementor-widget-text-editor\" data-id=\"1c5ddf7c\" data-element_type=\"widget\" data-widget_type=\"text-editor.default\">\n\t\t\t\t<div class=\"elementor-widget-container\">\n\t\t\t\t\t\t\t\t\t<!DOCTYPE html>\n<html lang=\"en\">\n<head>\n    <meta charset=\"UTF-8\">\n    <meta name=\"viewport\" content=\"width=device-width, initial-scale=1.0\">\n    <style>\n        @import url('https:\/\/fonts.googleapis.com\/css2?family=Montserrat:wght@300;400&display=swap');\n        \n        body {\n            font-family: 'Montserrat', sans-serif;\n        }\n\n        .hours-title {\n            font-weight: 300;\n            color: #6EAB0F;\n        }\n\n        .hours-info {\n            font-weight: 400;\n        }\n    <\/style>\n<\/head>\n<body>\n\n    <h3 class=\"hours-title\">Radno Vreme<\/h3>\n    <div class=\"hours-info\">\n        <p>Ponedeljak &#8211; Petak: 08:00 &#8211; 17:00<\/p>\n        <p>Subota: 08:00 &#8211; 14:00<\/p>\n        <p>Nedeljom: Zatvoreno<\/p>\n    <\/div>\n\n<\/body>\n<\/html>\n\t\t\t\t\t\t\t\t<\/div>\n\t\t\t\t<\/div>\n\t\t\t\t\t<\/div>\n\t\t\t\t<\/div>\n\t\t\t\t\t<\/div>\n\t\t\t\t<\/div>\n\t\t<div class=\"elementor-element elementor-element-4ca32e2 e-flex e-con-boxed e-con e-parent\" data-id=\"4ca32e2\" data-element_type=\"container\">\n\t\t\t\t\t<div class=\"e-con-inner\">\n\t\t<div class=\"elementor-element elementor-element-d76ada3 e-flex e-con-boxed e-con e-child\" data-id=\"d76ada3\" data-element_type=\"container\">\n\t\t\t\t\t<div class=\"e-con-inner\">\n\t\t\t\t<div class=\"elementor-element elementor-element-383ae471 elementor-widget elementor-widget-heading\" data-id=\"383ae471\" data-element_type=\"widget\" data-widget_type=\"heading.default\">\n\t\t\t\t<div class=\"elementor-widget-container\">\n\t\t\t\t\t<h2 class=\"elementor-heading-title elementor-size-default\">Ostanimo u Kontaktu<\/h2>\t\t\t\t<\/div>\n\t\t\t\t<\/div>\n\t\t\t\t\t<\/div>\n\t\t\t\t<\/div>\n\t\t\t\t\t<\/div>\n\t\t\t\t<\/div>\n\t\t<div class=\"elementor-element elementor-element-11ec86fa e-flex e-con-boxed e-con e-parent\" data-id=\"11ec86fa\" data-element_type=\"container\">\n\t\t\t\t\t<div class=\"e-con-inner\">\n\t\t<div class=\"elementor-element elementor-element-7d0bc674 e-flex e-con-boxed e-con e-child\" data-id=\"7d0bc674\" data-element_type=\"container\">\n\t\t\t\t\t<div class=\"e-con-inner\">\n\t\t\t\t<div class=\"elementor-element elementor-element-f97e9aa elementor-widget elementor-widget-text-editor\" data-id=\"f97e9aa\" data-element_type=\"widget\" data-widget_type=\"text-editor.default\">\n\t\t\t\t<div class=\"elementor-widget-container\">\n\t\t\t\t\t\t\t\t\t<p>Va\u0161e mi\u0161ljenje i pitanja su nam veoma va\u017eni. Slobodno nas kontaktirajte putem telefona, emaila ili posetite na\u0161 rasadnik li\u010dno. Na\u0161a stru\u010dna ekipa je tu da vam pomogne sa svim va\u0161im potrebama i pru\u017ei odgovore na sva va\u0161a pitanja.<\/p>\t\t\t\t\t\t\t\t<\/div>\n\t\t\t\t<\/div>\n\t\t\t\t\t<\/div>\n\t\t\t\t<\/div>\n\t\t\t\t\t<\/div>\n\t\t\t\t<\/div>\n\t\t<div class=\"elementor-element elementor-element-427da1c1 e-flex e-con-boxed e-con e-parent\" data-id=\"427da1c1\" data-element_type=\"container\">\n\t\t\t\t\t<div class=\"e-con-inner\">\n\t\t<div class=\"elementor-element elementor-element-83f8332 e-flex e-con-boxed e-con e-child\" data-id=\"83f8332\" data-element_type=\"container\">\n\t\t\t\t\t<div class=\"e-con-inner\">\n\t\t\t\t<div class=\"elementor-element elementor-element-2cfdadbd elementor-widget elementor-widget-heading\" data-id=\"2cfdadbd\" data-element_type=\"widget\" data-widget_type=\"heading.default\">\n\t\t\t\t<div class=\"elementor-widget-container\">\n\t\t\t\t\t<h2 class=\"elementor-heading-title elementor-size-default\">Posetite Nas<\/h2>\t\t\t\t<\/div>\n\t\t\t\t<\/div>\n\t\t\t\t\t<\/div>\n\t\t\t\t<\/div>\n\t\t\t\t\t<\/div>\n\t\t\t\t<\/div>\n\t\t<div class=\"elementor-element elementor-element-626f1ce9 e-flex e-con-boxed e-con e-parent\" data-id=\"626f1ce9\" data-element_type=\"container\">\n\t\t\t\t\t<div class=\"e-con-inner\">\n\t\t<div class=\"elementor-element elementor-element-3a1f2f81 e-flex e-con-boxed e-con e-child\" data-id=\"3a1f2f81\" data-element_type=\"container\">\n\t\t\t\t\t<div class=\"e-con-inner\">\n\t\t\t\t<div class=\"elementor-element elementor-element-6eefd414 elementor-widget elementor-widget-text-editor\" data-id=\"6eefd414\" data-element_type=\"widget\" data-widget_type=\"text-editor.default\">\n\t\t\t\t<div class=\"elementor-widget-container\">\n\t\t\t\t\t\t\t\t\t<p>Do\u0111ite i posetite nas kako biste videli na\u0161u \u0161iroku ponudu rasada, hibrida i usluga. Na\u0161a ljubazna ekipa \u0107e vam pru\u017eiti sve potrebne informacije i savete kako biste odabrali najbolje proizvode za va\u0161 vrt.<\/p>\t\t\t\t\t\t\t\t<\/div>\n\t\t\t\t<\/div>\n\t\t\t\t\t<\/div>\n\t\t\t\t<\/div>\n\t\t\t\t\t<\/div>\n\t\t\t\t<\/div>\n\t\t<div class=\"elementor-element elementor-element-140116bd e-flex e-con-boxed e-con e-parent\" data-id=\"140116bd\" data-element_type=\"container\">\n\t\t\t\t\t<div class=\"e-con-inner\">\n\t\t<div class=\"elementor-element elementor-element-29634e9d e-flex e-con-boxed e-con e-child\" data-id=\"29634e9d\" data-element_type=\"container\">\n\t\t\t\t\t<div class=\"e-con-inner\">\n\t\t\t\t<div class=\"elementor-element elementor-element-60b4383d elementor-widget elementor-widget-heading\" data-id=\"60b4383d\" data-element_type=\"widget\" data-widget_type=\"heading.default\">\n\t\t\t\t<div class=\"elementor-widget-container\">\n\t\t\t\t\t<h2 class=\"elementor-heading-title elementor-size-default\">Pitanja i Sugestije<\/h2>\t\t\t\t<\/div>\n\t\t\t\t<\/div>\n\t\t\t\t\t<\/div>\n\t\t\t\t<\/div>\n\t\t\t\t\t<\/div>\n\t\t\t\t<\/div>\n\t\t<div class=\"elementor-element elementor-element-72ea014f e-flex e-con-boxed e-con e-parent\" data-id=\"72ea014f\" data-element_type=\"container\">\n\t\t\t\t\t<div class=\"e-con-inner\">\n\t\t<div class=\"elementor-element elementor-element-1d12a1c4 e-flex e-con-boxed e-con e-child\" data-id=\"1d12a1c4\" data-element_type=\"container\">\n\t\t\t\t\t<div class=\"e-con-inner\">\n\t\t\t\t<div class=\"elementor-element elementor-element-48169ded elementor-widget elementor-widget-text-editor\" data-id=\"48169ded\" data-element_type=\"widget\" data-widget_type=\"text-editor.default\">\n\t\t\t\t<div class=\"elementor-widget-container\">\n\t\t\t\t\t\t\t\t\t<p>Imate pitanja ili sugestije? \u017delimo da \u010dujemo va\u0161e mi\u0161ljenje. Po\u0161aljite nam poruku putem E-mail-a i odgovori\u0107emo vam u najkra\u0107em mogu\u0107em roku.<\/p>\t\t\t\t\t\t\t\t<\/div>\n\t\t\t\t<\/div>\n\t\t\t\t\t<\/div>\n\t\t\t\t<\/div>\n\t\t\t\t\t<\/div>\n\t\t\t\t<\/div>\n\t\t<div class=\"elementor-element elementor-element-714fc464 e-flex e-con-boxed e-con e-parent\" data-id=\"714fc464\" data-element_type=\"container\">\n\t\t\t\t\t<div class=\"e-con-inner\">\n\t\t<div class=\"elementor-element elementor-element-59db31ca e-flex e-con-boxed e-con e-child\" data-id=\"59db31ca\" data-element_type=\"container\">\n\t\t\t\t\t<div class=\"e-con-inner\">\n\t\t\t\t<div class=\"elementor-element elementor-element-31bfc567 elementor-widget elementor-widget-google_maps\" data-id=\"31bfc567\" data-element_type=\"widget\" data-widget_type=\"google_maps.default\">\n\t\t\t\t<div class=\"elementor-widget-container\">\n\t\t\t\t\t\t\t<div class=\"elementor-custom-embed\">\n\t\t\t<iframe loading=\"lazy\"\n\t\t\t\t\tsrc=\"https:\/\/maps.google.com\/maps?q=Poljoprivredno%20Gazdinstvo%20Luki%C4%87%20%C4%8Celarevo&#038;t=m&#038;z=14&#038;output=embed&#038;iwloc=near\"\n\t\t\t\t\ttitle=\"Poljoprivredno Gazdinstvo Luki\u0107 \u010celarevo\"\n\t\t\t\t\taria-label=\"Poljoprivredno Gazdinstvo Luki\u0107 \u010celarevo\"\n\t\t\t><\/iframe>\n\t\t<\/div>\n\t\t\t\t\t\t<\/div>\n\t\t\t\t<\/div>\n\t\t\t\t\t<\/div>\n\t\t\t\t<\/div>\n\t\t\t\t\t<\/div>\n\t\t\t\t<\/div>\n\t\t\t\t<\/div>\n\t\t","protected":false},"excerpt":{"rendered":"<p>KONTAKT Adresa Rasadnik povr\u0107a, lekovitog i za\u010dinskog bilja Luki\u0107 Ive Lole Ribara 93, \u010celarevo BPG: 800449003178 Kontakt Informacije Pozovite nas na: (064) 1754 390 Po\u0161aljite nam email na: lukicrasadnik@gmail.com Dragan Luki\u0107 &#8211; direktor Radno Vreme Ponedeljak &#8211; Petak: 08:00 &#8211; 17:00 Subota: 08:00 &#8211; 14:00 Nedeljom: Zatvoreno Ostanimo u Kontaktu Va\u0161e mi\u0161ljenje i pitanja su [&hellip;]<\/p>\n","protected":false},"author":1,"featured_media":0,"parent":0,"menu_order":0,"comment_status":"closed","ping_status":"closed","template":"","meta":{"footnotes":""},"class_list":["post-102","page","type-page","status-publish","hentry"],"_links":{"self":[{"href":"https:\/\/www.rasadniklukic.rs\/index.php\/wp-json\/wp\/v2\/pages\/102","targetHints":{"allow":["GET"]}}],"collection":[{"href":"https:\/\/www.rasadniklukic.rs\/index.php\/wp-json\/wp\/v2\/pages"}],"about":[{"href":"https:\/\/www.rasadniklukic.rs\/index.php\/wp-json\/wp\/v2\/types\/page"}],"author":[{"embeddable":true,"href":"https:\/\/www.rasadniklukic.rs\/index.php\/wp-json\/wp\/v2\/users\/1"}],"replies":[{"embeddable":true,"href":"https:\/\/www.rasadniklukic.rs\/index.php\/wp-json\/wp\/v2\/comments?post=102"}],"version-history":[{"count":4,"href":"https:\/\/www.rasadniklukic.rs\/index.php\/wp-json\/wp\/v2\/pages\/102\/revisions"}],"predecessor-version":[{"id":110,"href":"https:\/\/www.rasadniklukic.rs\/index.php\/wp-json\/wp\/v2\/pages\/102\/revisions\/110"}],"wp:attachment":[{"href":"https:\/\/www.rasadniklukic.rs\/index.php\/wp-json\/wp\/v2\/media?parent=102"}],"curies":[{"name":"wp","href":"https:\/\/api.w.org\/{rel}","templated":true}]}}